{"id":1575,"date":"2015-12-15T10:06:21","date_gmt":"2015-12-15T10:06:21","guid":{"rendered":"http:\/\/albertosoler.net\/asthoncargodev\/?page_id=1575"},"modified":"2018-06-04T11:27:36","modified_gmt":"2018-06-04T11:27:36","slug":"bilbao","status":"publish","type":"page","link":"http:\/\/www.asthoncargo.es\/web\/bilbao\/","title":{"rendered":"Bilbao"},"content":{"rendered":"<div class=\"clearboth\"><\/div><\/div><\/div><\/div><div id=\"mk-page-section-69f320bc6e621\" data-intro-effect=\"false\" class=\"full-width-69f320bc6e621  full-height-false mk-page-section self-hosted mk-blur-parent mk-shortcode  \" ><div class=\"mk-video-color-mask\"><\/div><div class=\"background-clipper\"><\/div><div class=\"mk-grid vc_row-fluid page-section-content\"><div class=\"mk-padding-wrapper\">\n\t<div style=\"\" class=\"vc_col-sm-12 wpb_column column_container \">\n\t\t\t<div class=\"vc_empty_space\"  style=\"height: 30px\" ><span\n\t\tclass=\"vc_empty_space_inner\"><\/span><\/div>\n<div class=\"wpb_row vc_inner vc_row  vc_row-fluid   attched-false vc_row-fluid\"><div class=\"wpb_column vc_column_container vc_col-sm-12\"><div class=\"wpb_wrapper\">\t<div style=\"text-align: left;\" class=\"mk-text-block  true\"><h1>BILBAO<\/h1>\n<div class=\"clearboth\"><\/div><\/div> <div class=\"vc_empty_space\"  style=\"height: 20px\" ><span\n\t\tclass=\"vc_empty_space_inner\"><\/span><\/div>\n<\/div><\/div><\/div><div class=\"wpb_row vc_inner vc_row  vc_row-fluid   attched-false vc_row-fluid\"><div class=\"wpb_column vc_column_container vc_col-sm-7\"><div class=\"wpb_wrapper\">\n\t<div class=\"wpb_single_image wpb_content_element vc_align_left\">\n\t\t<div class=\"wpb_wrapper\">\n\t\t\t\n\t\t\t<div class=\"vc_single_image-wrapper  \"><img width=\"613\" height=\"185\" src=\"http:\/\/www.asthoncargo.es\/web\/wp-content\/uploads\/2015\/12\/bilbao1.png\" class=\"vc_single_image-img attachment-full\" alt=\"\" loading=\"lazy\" srcset=\"http:\/\/www.asthoncargo.es\/web\/wp-content\/uploads\/2015\/12\/bilbao1.png 613w, http:\/\/www.asthoncargo.es\/web\/wp-content\/uploads\/2015\/12\/bilbao1-300x91.png 300w\" sizes=\"(max-width: 613px) 100vw, 613px\" \/><\/div>\n\t\t<\/div>\n\t<\/div>\n\t<div style=\"text-align: left;\" class=\"mk-text-block  true\"><p>El Puerto de Bilbao es uno de los puertos europeos incluidos en la Red Trans-Europea de Transportes y la principal infraestructura portuaria del Arco Atl\u00e1ntico desde Algeciras hasta Le Havre.<\/p>\n<p>Enlazado por autopista y ferrocarril con los principales centros de producci\u00f3n y consumo espa\u00f1oles y del sud-oeste franc\u00e9s, se integra en un entorno econ\u00f3mico fuertemente industrial, lo que hace confluir en sus instalaciones todo tipo de\u00a0 servicios portuarios y log\u00edsticos para todo tipo de mercanc\u00edas, tanto en tr\u00e1ficos intra-europeos como intercontinentales.<\/p>\n<p>En sus zonas de influencia m\u00e1s pr\u00f3ximas se sit\u00faan \u00e1reas de reconocido prestigio por la fabricaci\u00f3n de bienes de equipo (Pa\u00eds Vasco), producci\u00f3n de vinos (La Rioja, Navarra), cereales y otros productos agr\u00edcolas (Castilla \u2013 Le\u00f3n) e importantes zonas de producci\u00f3n y consumo, como Madrid.<\/p>\n<p>En suma, un conjunto de infraestructuras, servicios y profesionalidad que conforman un puerto: Bilbao.<\/p>\n<div class=\"clearboth\"><\/div><\/div> <\/div><\/div><div class=\"wpb_column vc_column_container vc_col-sm-5\"><div class=\"wpb_wrapper\"><div class=\"wpb_gmaps_widget wpb_content_element\">\n\t<div class=\"wpb_wrapper\">\n\t<div class=\"wpb_map_wraper\">\n\t\t<iframe src=\"https:\/\/www.google.com\/maps\/embed?pb=!1m14!1m8!1m3!1d5810.991007370642!2d-2.9331932629942736!3d43.26199404447617!3m2!1i1024!2i768!4f13.1!3m3!1m2!1s0x0%3A0x19bd3703f7f01bdb!2sAsthon+Cargo+Bilbao%2C+S.L.!5e0!3m2!1ses!2sus!4v1449161387873\" width=\"100%\" height=\"290\" frameborder=\"0\" style=\"border:0\" allowfullscreen><\/iframe>\t<\/div>\n\t<\/div>\n\t<\/div>\n<div class=\"vc_message_box vc_message_box-solid-icon vc_message_box-square vc_color-grey vc_custom_1449164220501\">\n\t<div class=\"vc_message_box-icon\"><i class=\"entypo-icon entypo-icon-info-circled\"><\/i>\n\t<\/div><p>Iba\u00f1ez de Bilbao, 9, 48009 Bilbao, Vizcaya, Espa\u00f1a<br \/>\n<strong>Tel.: +34 94 661 22 93<br \/>\nEmail:\u00a0<a href=\"mailto:bilbao@asthoncargo.es\" target=\"_blank\">bilbao@asthoncargo.es<\/a><\/strong><\/p>\n<\/div><div class=\"mk-image-shortcode mk-shortcode   align-center simple-frame outside-image \" style=\"max-width: 150px; margin-bottom:10px\"><div class=\"mk-image-inner\"><img class=\"lightbox-false\" alt=\"\" title=\"\" src=\"http:\/\/www.asthoncargo.es\/web\/wp-content\/uploads\/2015\/12\/aeo1.png\" \/><\/div><div class=\"mk-image-caption\"><span class=\"mk-caption-desc\">ES AEOF 14000049AE<\/span><\/div><div class=\"clearboth\"><\/div><\/div><\/div><\/div><\/div>\n\t<\/div><\/div><div class=\"clearboth\"><\/div><\/div><div class=\"clearboth\"><\/div><\/div><div class=\"mk-main-wrapper-holder\"><div class=\"theme-page-wrapper  -layout mk-grid vc_row-fluid row-fluid\"><div class=\"theme-content \"><div id=\"ajax-69f320bc6e621\" class=\"mk-dynamic-styles\"><!--  .full-width-69f320bc6e621 { min-height:100px; padding:10px 0 10px; margin-bottom:0px; } #background-layer--69f320bc6e621 { background-position:left top; background-repeat:repeat; ; } --><\/div>","protected":false},"excerpt":{"rendered":"BILBAO El Puerto de Bilbao es uno de los puertos europeos incluidos en la Red Trans-Europea de Transportes y la principal infraestructura portuaria del Arco Atl\u00e1ntico desde Algeciras hasta Le Havre. Enlazado por autopista y ferrocarril con los principales centros de producci\u00f3n y consumo espa\u00f1oles y del sud-oeste franc\u00e9s, se integra en un entorno econ\u00f3mico [...]","protected":false},"author":1,"featured_media":0,"parent":0,"menu_order":0,"comment_status":"closed","ping_status":"closed","template":"","meta":[],"_links":{"self":[{"href":"http:\/\/www.asthoncargo.es\/web\/wp-json\/wp\/v2\/pages\/1575"}],"collection":[{"href":"http:\/\/www.asthoncargo.es\/web\/wp-json\/wp\/v2\/pages"}],"about":[{"href":"http:\/\/www.asthoncargo.es\/web\/wp-json\/wp\/v2\/types\/page"}],"author":[{"embeddable":true,"href":"http:\/\/www.asthoncargo.es\/web\/wp-json\/wp\/v2\/users\/1"}],"replies":[{"embeddable":true,"href":"http:\/\/www.asthoncargo.es\/web\/wp-json\/wp\/v2\/comments?post=1575"}],"version-history":[{"count":3,"href":"http:\/\/www.asthoncargo.es\/web\/wp-json\/wp\/v2\/pages\/1575\/revisions"}],"predecessor-version":[{"id":1752,"href":"http:\/\/www.asthoncargo.es\/web\/wp-json\/wp\/v2\/pages\/1575\/revisions\/1752"}],"wp:attachment":[{"href":"http:\/\/www.asthoncargo.es\/web\/wp-json\/wp\/v2\/media?parent=1575"}],"curies":[{"name":"wp","href":"https:\/\/api.w.org\/{rel}","templated":true}]}}

<div class="clearboth"></div></div></div></div><div id="mk-page-section-69f320bc6e621" data-intro-effect="false" class="full-width-69f320bc6e621  full-height-false mk-page-section self-hosted mk-blur-parent mk-shortcode  " ><div class="mk-video-color-mask"></div><div class="background-clipper"></div><div class="mk-grid vc_row-fluid page-section-content"><div class="mk-padding-wrapper">
	<div style="" class="vc_col-sm-12 wpb_column column_container ">
			<div class="vc_empty_space"  style="height: 30px" ><span
		class="vc_empty_space_inner"></span></div>
<div class="wpb_row vc_inner vc_row  vc_row-fluid   attched-false vc_row-fluid"><div class="wpb_column vc_column_container vc_col-sm-12"><div class="wpb_wrapper">	<div style="text-align: left;" class="mk-text-block  true"><h1>BILBAO</h1>
<div class="clearboth"></div></div> <div class="vc_empty_space"  style="height: 20px" ><span
		class="vc_empty_space_inner"></span></div>
</div></div></div><div class="wpb_row vc_inner vc_row  vc_row-fluid   attched-false vc_row-fluid"><div class="wpb_column vc_column_container vc_col-sm-7"><div class="wpb_wrapper">
	<div class="wpb_single_image wpb_content_element vc_align_left">
		<div class="wpb_wrapper">
			
			<div class="vc_single_image-wrapper  "><img width="613" height="185" src="http://www.asthoncargo.es/web/wp-content/uploads/2015/12/bilbao1.png" class="vc_single_image-img attachment-full" alt="" loading="lazy" srcset="http://www.asthoncargo.es/web/wp-content/uploads/2015/12/bilbao1.png 613w, http://www.asthoncargo.es/web/wp-content/uploads/2015/12/bilbao1-300x91.png 300w" sizes="(max-width: 613px) 100vw, 613px" /></div>
		</div>
	</div>
	<div style="text-align: left;" class="mk-text-block  true"><p>El Puerto de Bilbao es uno de los puertos europeos incluidos en la Red Trans-Europea de Transportes y la principal infraestructura portuaria del Arco Atlántico desde Algeciras hasta Le Havre.</p>
<p>Enlazado por autopista y ferrocarril con los principales centros de producción y consumo españoles y del sud-oeste francés, se integra en un entorno económico fuertemente industrial, lo que hace confluir en sus instalaciones todo tipo de  servicios portuarios y logísticos para todo tipo de mercancías, tanto en tráficos intra-europeos como intercontinentales.</p>
<p>En sus zonas de influencia más próximas se sitúan áreas de reconocido prestigio por la fabricación de bienes de equipo (País Vasco), producción de vinos (La Rioja, Navarra), cereales y otros productos agrícolas (Castilla – León) e importantes zonas de producción y consumo, como Madrid.</p>
<p>En suma, un conjunto de infraestructuras, servicios y profesionalidad que conforman un puerto: Bilbao.</p>
<div class="clearboth"></div></div> </div></div><div class="wpb_column vc_column_container vc_col-sm-5"><div class="wpb_wrapper"><div class="wpb_gmaps_widget wpb_content_element">
	<div class="wpb_wrapper">
	<div class="wpb_map_wraper">
		<iframe src="https://www.google.com/maps/embed?pb=!1m14!1m8!1m3!1d5810.991007370642!2d-2.9331932629942736!3d43.26199404447617!3m2!1i1024!2i768!4f13.1!3m3!1m2!1s0x0%3A0x19bd3703f7f01bdb!2sAsthon+Cargo+Bilbao%2C+S.L.!5e0!3m2!1ses!2sus!4v1449161387873" width="100%" height="290" frameborder="0" style="border:0" allowfullscreen></iframe>	</div>
	</div>
	</div>
<div class="vc_message_box vc_message_box-solid-icon vc_message_box-square vc_color-grey vc_custom_1449164220501">
	<div class="vc_message_box-icon"><i class="entypo-icon entypo-icon-info-circled"></i>
	</div><p>Ibañez de Bilbao, 9, 48009 Bilbao, Vizcaya, España<br />
<strong>Tel.: +34 94 661 22 93<br />
Email: <a href="mailto:bilbao@asthoncargo.es" target="_blank">bilbao@asthoncargo.es</a></strong></p>
</div><div class="mk-image-shortcode mk-shortcode   align-center simple-frame outside-image " style="max-width: 150px; margin-bottom:10px"><div class="mk-image-inner"><img class="lightbox-false" alt="" title="" src="http://www.asthoncargo.es/web/wp-content/uploads/2015/12/aeo1.png" /></div><div class="mk-image-caption"><span class="mk-caption-desc">ES AEOF 14000049AE</span></div><div class="clearboth"></div></div></div></div></div>
	</div></div><div class="clearboth"></div></div><div class="clearboth"></div></div><div class="mk-main-wrapper-holder"><div class="theme-page-wrapper  -layout mk-grid vc_row-fluid row-fluid"><div class="theme-content "><div id="ajax-69f320bc6e621" class="mk-dynamic-styles"><!--  .full-width-69f320bc6e621 { min-height:100px; padding:10px 0 10px; margin-bottom:0px; } #background-layer--69f320bc6e621 { background-position:left top; background-repeat:repeat; ; } --></div>

BILBAO El Puerto de Bilbao es uno de los puertos europeos incluidos en la Red Trans-Europea de Transportes y la principal infraestructura portuaria del Arco Atlántico desde Algeciras hasta Le Havre. Enlazado por autopista y ferrocarril con los principales centros de producción y consumo españoles y del sud-oeste francés, se integra en un entorno económico [...]
