{"id":1600,"date":"2015-12-15T11:23:28","date_gmt":"2015-12-15T11:23:28","guid":{"rendered":"http:\/\/albertosoler.net\/asthoncargodev\/?page_id=1600"},"modified":"2023-02-01T09:26:09","modified_gmt":"2023-02-01T09:26:09","slug":"valencia","status":"publish","type":"page","link":"http:\/\/www.asthoncargo.es\/web\/valencia\/","title":{"rendered":"Valencia"},"content":{"rendered":"<div class=\"clearboth\"><\/div><\/div><\/div><\/div><div id=\"mk-page-section-69fca276540df\" data-intro-effect=\"false\" class=\"full-width-69fca276540df  full-height-false mk-page-section self-hosted mk-blur-parent mk-shortcode  \" ><div class=\"mk-video-color-mask\"><\/div><div class=\"background-clipper\"><\/div><div class=\"mk-grid vc_row-fluid page-section-content\"><div class=\"mk-padding-wrapper\">\n\t<div style=\"\" class=\"vc_col-sm-12 wpb_column column_container \">\n\t\t\t<div class=\"vc_empty_space\"  style=\"height: 30px\" ><span\n\t\tclass=\"vc_empty_space_inner\"><\/span><\/div>\n<div class=\"wpb_row vc_inner vc_row  vc_row-fluid   attched-false vc_row-fluid\"><div class=\"wpb_column vc_column_container vc_col-sm-12\"><div class=\"wpb_wrapper\">\t<div style=\"text-align: left;\" class=\"mk-text-block  true\"><h1>VALENCIA<\/h1>\n<div class=\"clearboth\"><\/div><\/div> <div class=\"vc_empty_space\"  style=\"height: 20px\" ><span\n\t\tclass=\"vc_empty_space_inner\"><\/span><\/div>\n<\/div><\/div><\/div><div class=\"wpb_row vc_inner vc_row  vc_row-fluid   attched-false vc_row-fluid\"><div class=\"wpb_column vc_column_container vc_col-sm-7\"><div class=\"wpb_wrapper\">\n\t<div class=\"wpb_single_image wpb_content_element vc_align_left\">\n\t\t<div class=\"wpb_wrapper\">\n\t\t\t\n\t\t\t<div class=\"vc_single_image-wrapper  \"><img width=\"613\" height=\"185\" src=\"http:\/\/www.asthoncargo.es\/web\/wp-content\/uploads\/2015\/12\/valencia1.jpg\" class=\"vc_single_image-img attachment-full\" alt=\"\" loading=\"lazy\" srcset=\"http:\/\/www.asthoncargo.es\/web\/wp-content\/uploads\/2015\/12\/valencia1.jpg 613w, http:\/\/www.asthoncargo.es\/web\/wp-content\/uploads\/2015\/12\/valencia1-300x91.jpg 300w\" sizes=\"(max-width: 613px) 100vw, 613px\" \/><\/div>\n\t\t<\/div>\n\t<\/div>\n\t<div style=\"text-align: left;\" class=\"mk-text-block  true\"><div id=\"mapaespana\">\n<p>Puerto l\u00edder en el Mediterr\u00e1neo, lo coloca primero en el ranking de movimiento de contenedores en el Mar Mediterr\u00e1neo y quinto entre los puertos europeos, especialmente situado geogr\u00e1ficamente, lo convierte en el primer puerto comercial de Espa\u00f1a, como el puerto natural de Madrid y de la zona centro de Espa\u00f1a, con una influencia del 55% del PIB espa\u00f1ol. Canalizando el 38% de todo el tr\u00e1fico de export\/import de Espa\u00f1a y el 32% del total de contenedores del sistema portuario espa\u00f1ol.<\/p>\n<\/div>\n<div id=\"sede_valencia\" class=\"sede\"><\/div>\n<div class=\"clearboth\"><\/div><\/div> <div class=\"mk-image-shortcode mk-shortcode   align-center simple-frame outside-image \" style=\"max-width: 150px; margin-bottom:10px\"><div class=\"mk-image-inner\"><img class=\"lightbox-false\" alt=\"\" title=\"\" src=\"http:\/\/www.asthoncargo.es\/web\/wp-content\/uploads\/2015\/12\/aeo1.png\" \/><\/div><div class=\"mk-image-caption\"><span class=\"mk-caption-desc\">ES AEOF 14000049AE<\/span><\/div><div class=\"clearboth\"><\/div><\/div><\/div><\/div><div class=\"wpb_column vc_column_container vc_col-sm-5\"><div class=\"wpb_wrapper\"><div class=\"wpb_gmaps_widget wpb_content_element\">\n\t<div class=\"wpb_wrapper\">\n\t<div class=\"wpb_map_wraper\">\n\t\t<iframe src=\"https:\/\/www.google.com\/maps\/embed?pb=!1m18!1m12!1m3!1d2756.4340702155364!2d-0.33487230073733437!3d39.45919938845575!2m3!1f0!2f0!3f0!3m2!1i1024!2i768!4f13.1!3m3!1m2!1s0x0%3A0x612118eb9d4ea830!2zMznCsDI3JzMwLjMiTiAwwrAyMCcwMS43Ilc!5e0!3m2!1ses!2ses!4v1675243157144!5m2!1ses!2ses\" width=\"600\" height=\"290\" style=\"border:0;\" allowfullscreen=\"\" loading=\"lazy\" referrerpolicy=\"no-referrer-when-downgrade\"><\/iframe>\t<\/div>\n\t<\/div>\n\t<\/div>\n<div class=\"vc_message_box vc_message_box-solid-icon vc_message_box-square vc_color-grey vc_custom_1449164365750\">\n\t<div class=\"vc_message_box-icon\"><i class=\"entypo-icon entypo-icon-info-circled\"><\/i>\n\t<\/div><p>Av. de Francia, 161 \u2013 Bajo, 46024 Valencia, Espa\u00f1a<br \/>\n<strong>Tel.: +34 963 24 56 65<\/strong><br \/>\n<strong>Email:\u00a0<a href=\"mailto:valencia@asthoncargo.net\">valencia@asthoncargo.net<\/a><\/strong><\/p>\n<\/div>\n<div class=\"vc_message_box vc_message_box-solid-icon vc_message_box-square vc_color-grey vc_custom_1449164365750\">\n\t<div class=\"vc_message_box-icon\"><i class=\"entypo-icon entypo-icon-check\"><\/i>\n\t<\/div><p><strong><a title=\"\" href=\"http:\/\/www.asthoncargo.es\/web\/Politica_Calidad-Asthon_Cargo_Valencia.pdf\" target=\"_blank\" rel=\"noopener noreferrer\">Pol\u00edtica de Calidad Asthon Cargo Valencia S.L.<\/a><\/strong><\/p>\n<\/div>\n<\/div><\/div><\/div>\n\t<\/div><\/div><div class=\"clearboth\"><\/div><\/div><div class=\"clearboth\"><\/div><\/div><div class=\"mk-main-wrapper-holder\"><div class=\"theme-page-wrapper  -layout mk-grid vc_row-fluid row-fluid\"><div class=\"theme-content \"><div id=\"ajax-69fca276540df\" class=\"mk-dynamic-styles\"><!--  .full-width-69fca276540df { min-height:100px; padding:10px 0 10px; margin-bottom:0px; } #background-layer--69fca276540df { background-position:left top; background-repeat:repeat; ; } --><\/div>","protected":false},"excerpt":{"rendered":"VALENCIA Puerto l\u00edder en el Mediterr\u00e1neo, lo coloca primero en el ranking de movimiento de contenedores en el Mar Mediterr\u00e1neo y quinto entre los puertos europeos, especialmente situado geogr\u00e1ficamente, lo convierte en el primer puerto comercial de Espa\u00f1a, como el puerto natural de Madrid y de la zona centro de Espa\u00f1a, con una influencia del [...]","protected":false},"author":1,"featured_media":0,"parent":0,"menu_order":0,"comment_status":"closed","ping_status":"closed","template":"","meta":[],"_links":{"self":[{"href":"http:\/\/www.asthoncargo.es\/web\/wp-json\/wp\/v2\/pages\/1600"}],"collection":[{"href":"http:\/\/www.asthoncargo.es\/web\/wp-json\/wp\/v2\/pages"}],"about":[{"href":"http:\/\/www.asthoncargo.es\/web\/wp-json\/wp\/v2\/types\/page"}],"author":[{"embeddable":true,"href":"http:\/\/www.asthoncargo.es\/web\/wp-json\/wp\/v2\/users\/1"}],"replies":[{"embeddable":true,"href":"http:\/\/www.asthoncargo.es\/web\/wp-json\/wp\/v2\/comments?post=1600"}],"version-history":[{"count":11,"href":"http:\/\/www.asthoncargo.es\/web\/wp-json\/wp\/v2\/pages\/1600\/revisions"}],"predecessor-version":[{"id":3533,"href":"http:\/\/www.asthoncargo.es\/web\/wp-json\/wp\/v2\/pages\/1600\/revisions\/3533"}],"wp:attachment":[{"href":"http:\/\/www.asthoncargo.es\/web\/wp-json\/wp\/v2\/media?parent=1600"}],"curies":[{"name":"wp","href":"https:\/\/api.w.org\/{rel}","templated":true}]}}