{"id":1604,"date":"2015-12-15T11:26:11","date_gmt":"2015-12-15T11:26:11","guid":{"rendered":"http:\/\/albertosoler.net\/asthoncargodev\/?page_id=1604"},"modified":"2020-11-26T15:27:28","modified_gmt":"2020-11-26T15:27:28","slug":"algeciras","status":"publish","type":"page","link":"http:\/\/www.asthoncargo.es\/web\/algeciras\/","title":{"rendered":"ALGECIRAS"},"content":{"rendered":"<div class=\"clearboth\"><\/div><\/div><\/div><\/div><div id=\"mk-page-section-69fca255d49fe\" data-intro-effect=\"false\" class=\"full-width-69fca255d49fe  full-height-false mk-page-section self-hosted mk-blur-parent mk-shortcode  \" ><div class=\"mk-video-color-mask\"><\/div><div class=\"background-clipper\"><\/div><div class=\"mk-grid vc_row-fluid page-section-content\"><div class=\"mk-padding-wrapper\">\n\t<div style=\"\" class=\"vc_col-sm-12 wpb_column column_container \">\n\t\t\t<div class=\"vc_empty_space\"  style=\"height: 20px\" ><span\n\t\tclass=\"vc_empty_space_inner\"><\/span><\/div>\n\t<div style=\"text-align: left;\" class=\"mk-text-block  true\"><h1>ALGECIRAS<\/h1>\n<div class=\"clearboth\"><\/div><\/div> <div class=\"vc_empty_space\"  style=\"height: 20px\" ><span\n\t\tclass=\"vc_empty_space_inner\"><\/span><\/div>\n<div class=\"wpb_row vc_inner vc_row  vc_row-fluid   attched-false vc_row-fluid\"><div class=\"wpb_column vc_column_container vc_col-sm-7\"><div class=\"wpb_wrapper\">\n\t<div class=\"wpb_single_image wpb_content_element vc_align_left\">\n\t\t<div class=\"wpb_wrapper\">\n\t\t\t\n\t\t\t<div class=\"vc_single_image-wrapper  \"><img width=\"815\" height=\"185\" src=\"http:\/\/www.asthoncargo.es\/web\/wp-content\/uploads\/2015\/12\/algeciras1-b.jpg\" class=\"vc_single_image-img attachment-full\" alt=\"\" loading=\"lazy\" srcset=\"http:\/\/www.asthoncargo.es\/web\/wp-content\/uploads\/2015\/12\/algeciras1-b.jpg 815w, http:\/\/www.asthoncargo.es\/web\/wp-content\/uploads\/2015\/12\/algeciras1-b-300x68.jpg 300w\" sizes=\"(max-width: 815px) 100vw, 815px\" \/><\/div>\n\t\t<\/div>\n\t<\/div>\n\t<div style=\"text-align: left;\" class=\"mk-text-block  true\"><p>Con uno de los puertos m\u00e1s importantes de Espa\u00f1a, la ciudad de Algeciras destaca por un alto crecimiento y una gran capacidad de movimiento de mercanc\u00edas que la sit\u00faan como <strong>uno de los puntos clave para el transporte mar\u00edtimo y almacenaje<\/strong>; Ventaja de la que ha sabido aprovecharse nuestro equipo de profesionales, ofreciendo servicios completos y adaptados a las necesidades de cada cliente.<\/p>\n<div class=\"clearboth\"><\/div><\/div> <\/div><\/div><div class=\"wpb_column vc_column_container vc_col-sm-5\"><div class=\"wpb_wrapper\"><div class=\"wpb_gmaps_widget wpb_content_element\">\n\t<div class=\"wpb_wrapper\">\n\t<div class=\"wpb_map_wraper\">\n\t\t<iframe src=\"https:\/\/www.google.com\/maps\/embed?pb=!1m18!1m12!1m3!1d3220.891706647515!2d-5.459950584727748!3d36.16918978008327!2m3!1f0!2f0!3f0!3m2!1i1024!2i768!4f13.1!3m3!1m2!1s0xd0ceb727681d9d7%3A0xd318d057ebaf1ddc!2sArea+de+el+Fresno%2C+11379+Los+Barrios%2C+C%C3%A1diz%2C+Espa%C3%B1a!5e0!3m2!1ses!2ses!4v1455184363796\" width=\"100%\" height=\"290\" frameborder=\"0\" style=\"border:0\" allowfullscreen><\/iframe>\t<\/div>\n\t<\/div>\n\t<\/div>\n<div class=\"vc_message_box vc_message_box-solid-icon vc_message_box-square vc_color-grey vc_custom_1455275805748\">\n\t<div class=\"vc_message_box-icon\"><i class=\"entypo-icon entypo-icon-info-circled\"><\/i>\n\t<\/div><p>\u00c1rea Bah\u00eda de Algeciras<br \/>\nEl Fresno, Oficina A609 11379 Los Barrios, C\u00e1diz<br \/>\n<strong>Tel\u00e9fono : +34 956 688 307 &#8211; ext: 5055<\/strong><br \/>\n<strong>Email: <a href=\"mailto:algeciras@asthoncargo.es\">algeciras@asthoncargo.es<\/a><\/strong><\/p>\n<\/div><\/div><\/div><\/div>\n\t<\/div><div class=\"wpb_row vc_row  vc_row-fluid hidden-sm mk-fullwidth-false  attched-false vc_row-fluid vc_custom_1453220397851\"><\/div>\n\t<div style=\"\" class=\"vc_col-sm-12 wpb_column column_container \">\n\t\t\t<div class=\"vc_empty_space\"  style=\"height: 60px\" ><span\n\t\tclass=\"vc_empty_space_inner\"><\/span><\/div>\n\n\t<\/div><\/div><div class=\"clearboth\"><\/div><\/div><div class=\"clearboth\"><\/div><\/div><div class=\"mk-main-wrapper-holder\"><div class=\"theme-page-wrapper  -layout mk-grid vc_row-fluid row-fluid\"><div class=\"theme-content \"><div id=\"ajax-69fca255d49fe\" class=\"mk-dynamic-styles\"><!--  .full-width-69fca255d49fe { min-height:100px; padding:10px 0 10px; margin-bottom:0px; } #background-layer--69fca255d49fe { background-position:left top; background-repeat:repeat; ; } --><\/div>","protected":false},"excerpt":{"rendered":"ALGECIRAS Con uno de los puertos m\u00e1s importantes de Espa\u00f1a, la ciudad de Algeciras destaca por un alto crecimiento y una gran capacidad de movimiento de mercanc\u00edas que la sit\u00faan como uno de los puntos clave para el transporte mar\u00edtimo y almacenaje; Ventaja de la que ha sabido aprovecharse nuestro equipo de profesionales, ofreciendo servicios [...]","protected":false},"author":1,"featured_media":0,"parent":0,"menu_order":0,"comment_status":"closed","ping_status":"closed","template":"","meta":[],"_links":{"self":[{"href":"http:\/\/www.asthoncargo.es\/web\/wp-json\/wp\/v2\/pages\/1604"}],"collection":[{"href":"http:\/\/www.asthoncargo.es\/web\/wp-json\/wp\/v2\/pages"}],"about":[{"href":"http:\/\/www.asthoncargo.es\/web\/wp-json\/wp\/v2\/types\/page"}],"author":[{"embeddable":true,"href":"http:\/\/www.asthoncargo.es\/web\/wp-json\/wp\/v2\/users\/1"}],"replies":[{"embeddable":true,"href":"http:\/\/www.asthoncargo.es\/web\/wp-json\/wp\/v2\/comments?post=1604"}],"version-history":[{"count":4,"href":"http:\/\/www.asthoncargo.es\/web\/wp-json\/wp\/v2\/pages\/1604\/revisions"}],"predecessor-version":[{"id":3017,"href":"http:\/\/www.asthoncargo.es\/web\/wp-json\/wp\/v2\/pages\/1604\/revisions\/3017"}],"wp:attachment":[{"href":"http:\/\/www.asthoncargo.es\/web\/wp-json\/wp\/v2\/media?parent=1604"}],"curies":[{"name":"wp","href":"https:\/\/api.w.org\/{rel}","templated":true}]}}